der when 536581 is divided by 67?
45
Calculate the remainder when 1643740 is divided by 821860.
20
Calculate the remainder when 601318 is divided by 112.
102
Calculate the remainder when 986365 is divided by 493069.
227
Calculate the remainder when 70747794 is divided by 1464.
1458
Calculate the remainder when 233840 is divided by 2505.
875
What is the remainder when 18979321 is divided by 18373?
12
Calculate the remainder when 4970603 is divided by 931.
925
Calculate the remainder when 1728228 is divided by 22.
18
What is the remainder when 67030430 is divided by 12194?
12
Calculate the remainder when 544287 is divided by 34016.
31
What is the remainder when 2383326 is divided by 82183?
19
Calculate the remainder when 21962 is divided by 2449.
2370
Calculate the remainder when 1747041 is divided by 495.
186
Calculate the remainder when 207115 is divided by 102644.
1827
What is the remainder when 1395934 is divided by 11931?
7
Calculate the remainder when 72456 is divided by 139.
37
What is the remainder when 1270078 is divided by 126943?
648
Calculate the remainder when 820647519 is divided by 4516.
4515
Calculate the remainder when 44460 is divided by 22158.
144
Calculate the remainder when 1275329 is divided by 28.
13
What is the remainder when 785440 is divided by 114?
94
What is the remainder when 21724678 is divided by 733?
24
What is the remainder when 22638682 is divided by 2095?
112
Calculate the remainder when 75146 is divided by 18658.
514
Calculate the remainder when 54031135 is divided by 558.
553
What is the remainder when 253378 is divided by 6031?
76
What is the remainder when 6231064 is divided by 446?
444
What is the remainder when 898486 is divided by 99?
61
Calculate the remainder when 27541834 is divided by 4232.
4210
What is the remainder when 50461663 is divided by 6?
1
What is the remainder when 678251 is divided by 28254?
155
Calculate the remainder when 10889751 is divided by 926.
917
What is the remainder when 310820941 is divided by 1426?
1425
Calculate the remainder when 959954 is divided by 50.
4
What is the remainder when 8122129 is divided by 10?
9
What is the remainder when 206897 is divided by 24?
17
What is the remainder when 396800 is divided by 28338?
68
What is the remainder when 531339 is divided by 3958?
967
What is the remainder when 125275 is divided by 9474?
2113
Calculate the remainder when 794849 is divided by 12820.
9
What is the remainder when 72361880 is divided by 74754?
8
What is the remainder when 497308 is divided by 38253?
19
What is the remainder when 53441 is divided by 19432?
14577
Calculate the remainder when 3923653 is divided by 9.
4
What is the remainder when 20545 is divided by 20358?
187
What is the remainder when 1329882 is divided by 443038?
768
What is the remainder when 44494 is divided by 14052?
2338
What is the remainder when 922967 is divided by 2971?
1957
What is the remainder when 390505 is divided by 805?
80
Calculate the remainder when 833150 is divided by 2436.
38
What is the remainder when 2095238 is divided by 1960?
1958
What is the remainder when 418946 is divided by 1724?
14
Calculate the remainder when 1517865007 is divided by 314.
311
What is the remainder when 1454774 is divided by 161614?
248
Calculate the remainder when 557567098 is divided by 300.
298
Calculate the remainder when 158005 is divided by 1538.
1129
Calculate the remainder when 5523982 is divided by 204591.
25
What is the remainder when 199687 is divided by 596?
27
Calculate the remainder when 33816857 is divided by 1885.
1842
Calculate the remainder when 343356 is divided by 1597.
1
Calculate the remainder when 29423 is divided by 722.
543
What is the remainder when 155106619 is divided by 68?
47
What is the remainder when 15707701 is divided by 65?
61
Calculate the remainder when 3030 is divided by 1274.
482
What is the remainder when 143747488 is divided by 381?
379
What is the remainder when 6602461 is divided by 74?
33
What is the remainder when 1972721 is divided by 46?
11
Calculate the remainder when 48119 is divided by 15718.
965
What is the remainder when 362586 is divided by 6844?
6698
What is the remainder when 33356 is divided by 2550?
206
What is the remainder when 14998971 is divided by 7499440?
91
Calculate the remainder when 11337076 is divided by 134965.
16
Calculate the remainder when 94252 is divided by 586.
492
What is the remainder when 35557432 is divided by 31?
29
What is the remainder when 9138349 is divided by 65?
64
Calculate the remainder when 13368117 is divided by 2257.
2163
Calculate the remainder when 114714 is divided by 3004.
562
Calculate the remainder when 53403 is divided by 2027.
701
Calculate the remainder when 381365471 is divided by 9390.
11
Calculate the remainder when 3267227 is divided by 816791.
63
Calculate the remainder when 15692299 is divided by 3867.
13
Calculate the remainder when 480724 is divided by 276.
208
Calculate the remainder when 20602228 is divided by 3752.
3748
What is the remainder when 838428 is divided by 307?
11
Calculate the remainder when 445454 is divided by 222683.
88
Calculate the remainder when 46520327 is divided by 578.
575
Calculate the remainder when 84520 is divided by 7181.
5529
What is the remainder when 840006 is divided by 2176?
70
What is the remainder when 489505199 is divided by 9631?
9624
Calculate the remainder when 211252 is divided by 5531.
1074
Calculate the remainder when 605516 is divided by 3421.
3420
Calculate the remainder when 416071675 is divided by 73.
72
Calculate the remainder when 3227909 is divided by 4678.
89
Calculate the remainder when 653597 is divided by 57.
35
What is the remainder when 1945 is divided by 717?
511
Calculate the remainder when 4556 is divided by 2241.
74
Calculate the remainder when 78869 is divided by 15725.
244
Calculate the remainder when 75132 is divided by 1283.
718
Calculate the remainder when 61843878 is divided by 113.
108
What is the remainder when 21288978 is divided by 833?
830
What is the remainder when 1319356 is divided by 1641?
1633
Calculate the remainder when 240637 is divided by 48125.
12
What is the remainder when 961559 is divided by 13542?
77
What is the remainder when 514088 is divided by 353?
120
What is the remainder when 55675 is divided by 55589?
86
Calculate the remainder when 9120140 is divided by 253337.
8
Calculate the remainder when 8317 is divided by 789.
427
What is the remainder when 1692626 is divided by 60450?
26
Calculate the remainder when 2105087 is divided by 701695.
2
Calculate the remainder when 4435526 is divided by 749.
697
Calculate the remainder when 7699518 is divided by 321.
12
Calculate the remainder when 5852980 is divided by 143.
133
Calculate the remainder when 141519070 is divided by 1675.
1670
Calculate the remainder when 4840214 is divided by 1189.
984
What is the remainder when 14597129 is divided by 2432853?
11
Calculate the remainder when 5258 is divided by 403.
19
What is the remainder when 22755 is divided by 1031?
73
What is the remainder when 29443 is divided by 28052?
1391
What is the remainder when 37413 is divided by 2886?
2781
Calculate the remainder when 26628 is divided by 6643.
56
Calculate the remainder when 2527009 is divided by 203.
65
Calculate the remainder when 9985794 is divided by 23.
22
What is the remainder when 7138 is divided by 2566?
2006
Calculate the remainder when 838301 is divided by 8308.
7501
Calculate the remainder when 28651199 is divided by 75.
74
What is the remainder when 48261 is divided by 9535?
586
What is the remainder when 5441315 is divided by 154?
33
Calculate the remainder when 125022 is divided by 4339.
3530
What is the remainder when 39071 is divided by 1708?
1495
What is the remainder when 3632027 is divided by 293?
292
Calculate the remainder when 3456913 is divided by 2409.
2407
Calculate the remainder when 607360 is divided by 1368.
1336
What is the remainder when 176310 is divided by 715?
420
What is the remainder when 557446 is divided by 22?
10
Calculate the remainder when 137615273 is divided by 34.
1
Calculate the remainder when 2213515 is divided by 81.
28
What is the remainder when 102928141 is divided by 969?
961
Calculate the remainder when 3455495 is divided b